 when 88224652 is divided by 15?
7
Calculate the remainder when 18179 is divided by 3823.
2887
Calculate the remainder when 129516914 is divided by 1707.
1703
Calculate the remainder when 7490323 is divided by 86.
67
What is the remainder when 48443058 is divided by 1331?
1313
Calculate the remainder when 5869142 is divided by 43.
29
What is the remainder when 139049340 is divided by 838?
0
What is the remainder when 197064 is divided by 2450?
1064
What is the remainder when 2711939 is divided by 48?
35
What is the remainder when 34974 is divided by 16507?
1960
What is the remainder when 9365748 is divided by 192?
180
Calculate the remainder when 321935 is divided by 45974.
117
What is the remainder when 21437584 is divided by 58733?
39
What is the remainder when 24519912 is divided by 2835?
2832
Calculate the remainder when 1415558 is divided by 1028.
2
What is the remainder when 110235 is divided by 441?
426
Calculate the remainder when 24649 is divided by 2575.
1474
Calculate the remainder when 23407679 is divided by 4440.
4439
What is the remainder when 76505 is divided by 19044?
329
Calculate the remainder when 132551607 is divided by 37721.
13
What is the remainder when 365954 is divided by 60640?
2114
Calculate the remainder when 15988621 is divided by 3197724.
1
Calculate the remainder when 315410 is divided by 46.
34
What is the remainder when 89424 is divided by 29610?
594
What is the remainder when 1767574 is divided by 10?
4
Calculate the remainder when 92651153 is divided by 3430.
3423
Calculate the remainder when 1441123 is divided by 6959.
610
Calculate the remainder when 556485 is divided by 3217.
3161
What is the remainder when 4034232 is divided by 306?
234
What is the remainder when 15902 is divided by 5294?
20
What is the remainder when 344832 is divided by 452?
408
Calculate the remainder when 1642589 is divided by 14.
11
What is the remainder when 3654208 is divided by 99?
19
Calculate the remainder when 52004 is divided by 3063.
2996
What is the remainder when 10510175 is divided by 73?
0
What is the remainder when 15109570 is divided by 537?
1
What is the remainder when 415289 is divided by 21737?
2286
Calculate the remainder when 17189 is divided by 7359.
2471
Calculate the remainder when 12894 is divided by 3615.
2049
Calculate the remainder when 5215903 is divided by 87.
79
Calculate the remainder when 149320 is divided by 72549.
4222
What is the remainder when 68755 is divided by 7260?
3415
Calculate the remainder when 25402571 is divided by 2098.
2085
What is the remainder when 47106 is divided by 5831?
458
What is the remainder when 7169707 is divided by 676?
51
What is the remainder when 835136 is divided by 3150?
386
What is the remainder when 9836052 is divided by 1639340?
12
Calculate the remainder when 721757 is divided by 262.
209
Calculate the remainder when 1123360 is divided by 80.
0
What is the remainder when 3198095 is divided by 1542?
1529
Calculate the remainder when 40084 is divided by 12700.
1984
What is the remainder when 141933608 is divided by 139?
13
Calculate the remainder when 23789170 is divided by 33.
31
Calculate the remainder when 422288 is divided by 892.
372
What is the remainder when 23263102 is divided by 2399?
2398
What is the remainder when 2085691 is divided by 138975?
1066
Calculate the remainder when 207707 is divided by 8418.
5675
Calculate the remainder when 16155297 is divided by 70.
67
Calculate the remainder when 268845 is divided by 1174.
1173
Calculate the remainder when 79609 is divided by 26302.
703
Calculate the remainder when 128063 is divided by 122117.
5946
What is the remainder when 4773050 is divided by 30019?
29
Calculate the remainder when 1000547 is divided by 10758.
53
Calculate the remainder when 64592255 is divided by 1660.
1655
What is the remainder when 24182048 is divided by 8060681?
5
Calculate the remainder when 20367613 is divided by 106081.
61
Calculate the remainder when 12978719 is divided by 96.
95
Calculate the remainder when 264775 is divided by 12593.
322
Calculate the remainder when 35264571 is divided by 386.
383
What is the remainder when 1167934 is divided by 176?
174
What is the remainder when 1281170 is divided by 351?
20
Calculate the remainder when 552611 is divided by 25.
11
Calculate the remainder when 1956217 is divided by 128.
121
Calculate the remainder when 13324677 is divided by 52.
41
What is the remainder when 305557 is divided by 3402?
2779
Calculate the remainder when 1443433 is divided by 2231.
2207
What is the remainder when 74514602 is divided by 1766?
1764
Calculate the remainder when 251069 is divided by 25098.
89
What is the remainder when 10067181 is divided by 37?
36
Calculate the remainder when 11779313 is divided by 352.
337
Calculate the remainder when 3070276 is divided by 3070276.
0
What is the remainder when 119440947 is divided by 466?
21
What is the remainder when 388414 is divided by 7192?
46
What is the remainder when 21848085 is divided by 413?
385
Calculate the remainder when 10381035 is divided by 38.
5
Calculate the remainder when 11698633 is divided by 255.
253
What is the remainder when 275862 is divided by 916?
146
Calculate the remainder when 365519 is divided by 12185.
12154
What is the remainder when 3367287 is divided by 1683599?
89
Calculate the remainder when 233516 is divided by 58304.
300
Calculate the remainder when 1193009 is divided by 483.
482
Calculate the remainder when 766749 is divided by 797.
35
Calculate the remainder when 7595352 is divided by 10789.
10685
Calculate the remainder when 1920767 is divided by 12978.
23
Calculate the remainder when 38663 is divided by 7584.
743
What is the remainder when 124890 is divided by 7344?
42
What is the remainder when 1045765 is divided by 990?
325
Calculate the remainder when 8961035 is divided by 1493496.
59
What is the remainder when 2748392 is divided by 33113?
13
Calculate the remainder when 3467312 is divided by 3777.
26
What is the remainder when 127498631 is divided by 756?
743
Calculate the remainder when 42000446 is divided by 950.
946
What is the remainder when 155123122 is divided by 152?
130
What is the remainder when 1244635 is divided by 138289?
34
Calculate the remainder when 1679330 is divided by 152656.
114
Calculate the remainder when 6444447 is divided by 217.
198
What is the remainder when 23782 is divided by 2621?
193
Calculate the remainder when 33874 is divided by 1722.
1156
What is the remainder when 10874064 is divided by 1145?
1144
What is the remainder when 8493 is divided by 7873?
620
Calculate the remainder when 567791 is divided by 51615.
26
Calculate the remainder when 334290 is divided by 81.
3
Calculate the remainder when 15321813 is divided by 2169.
2166
Calculate the remainder when 2881141 is divided by 145.
136
Calculate the remainder when 16887966 is divided by 53.
46
Calculate the remainder when 613013 is divided by 1387.
1346
Calculate the remainder when 4739676 is divided by 55.
51
Calculate the remainder when 2686167 is divided by 435.
42
What is the remainder when 261752 is divided by 6441?
4112
What is the remainder when 509560 is divided by 1657?
861
What is the remainder when 780881 is divided by 469?
465
What is the remainder when 50057834 is divided by 2944578?
8
What is the remainder when 110863 is divided by 400?
63
What is the remainder when 449060 is divided by 2272?
1476
Calculate the remainder when 2000917 is divided by 500226.
13
What is the remainder when 2498444282 is divided by 1535?
1532
What is the remainder when 13797028 is divided by 69?
64
Calculate the remainder when 2949011 is divided by 4681.
4662
What is the remainder when 35057906 is divided by 214?
212
What is the remainder when 15608443 is divided by 590?
583
Calculate the remainder when 141906 is divided by 1613.
1575
Calculate the remainder when 2335532 is divided by 75336.
116
What is the remainder when 111952712 is divided by 6?
2
Calculate the remainder when 151263 is divided by 764.
755
What is the remainder when 4880238 is divided by 678?
672
Calculate the remainder when 2739865 is divided by 1198.
39
What is the remainder when 205189 is divided by 1253?
950
What is the remainder when 1036711 is divided by 115185?
46